vative of -f**4/12 - 7*f**3/6 - 5*f**2/2 + 862*f. Give s(p).
5
Let d(w) = -2*w + 5. Let o = 17 - -4. Suppose 9*m = 6*m + o. Give d(m).
-9
Let h(y) = -6*y**3 - 12*y**2 + 13*y + 4. Let r(n) = 7*n**3 + 13*n**2 - 14*n - 5. Let a(g) = 6*h(g) + 5*r(g). What is a(-8)?
-1
Let o(x) = -11*x**3 - 12*x**2 + x - 1. Let w(p) = 24*p**3 + 25*p**2 - p + 3. Let s(l) = 13*o(l) + 6*w(l). Calculate s(4).
1
Suppose -11*y = 285 - 241. Let z(k) = 4*k - 1. Calculate z(y).
-17
Let r(t) = -10*t - 8*t - 3 - 5*t + 26*t. Calculate r(6).
15
Let f(c) = 2*c**3 + 2*c**2 + c + 3. Let j be (28/84)/(1/(-9)). What is f(j)?
-36
Let d = 1 + -3. Let l = -34 - -35. Let g(x) = l + 13*x - 48*x + 20*x + 17*x. What is g(d)?
-3
Let o(i) = 23 + 33 - i**2 + 12*i - 54. Calculate o(11).
13
Let h be (-172)/(-344) - (0 - (-10)/4). Let i(s) = s**2 + s. What is i(h)?
2
Let n be -5*(-2)/(-2)*(-14 - -15). Let r(v) = v + 3. What is r(n)?
-2
Let l(q) = q**3 - 8*q**2 + q + 4. Let y = -343 + 351. Give l(y).
12
Suppose -2*m + 12 = -22. Let t(r) = r - 4. Let l(v) = -3*v + 12. Suppose 2*s = -d + 7, -5*d = s - 0*s + 19. Let n(c) = m*t(c) + s*l(c). Give n(0).
4
Let d(t) be the first derivative of 40*t**3/3 - t**2/2 - t + 19. Calculate d(-1).
40
Let z(l) = -l**2 + l + 2. Suppose -7*v - 1 + 1 = 0. Calculate z(v).
2
Let g(d) = d. Let b(c) be the second derivative of -11*c**3/6 - c**2/2 + 12*c. Let r(s) = b(s) + 6*g(s). Determine r(-2).
9
Let v = 180 + -181. Let d(j) = -9*j**2 + 2*j + 1. What is d(v)?
-10
Let o(m) = -5 - 4*m + 15 + 2*m + 7*m. What is o(-5)?
-15
Suppose 473 = m + 2*y, -1872 = -3*m - m + 2*y. Let r(d) = 3*d - 2*d + m - 471. Determine r(-8).
-10
Let t = -19 - -43. Let m(q) = 9 - 2 - 21*q + t*q. Determine m(-5).
-8
Let f = 31 - 41. Let b be 2/20*5*f. Let o(d) = -d**3 - 6*d**2 - 4*d - 3. Calculate o(b).
-8
Let y(r) = -3*r + 3. Let i(n) = -6*n - 6 - 13 + n. Let x be i(-5). What is y(x)?
-15
Let z(x) = -4*x**3 + 3*x + 2. Let d be z(-1). Let s(r) = -r - 8*r**3 + 0*r**d - 2*r**2 + 9*r**3 - 1. Calculate s(3).
5
Let m(i) = -84*i - 78*i + 220*i - 63*i - 35. Give m(-7).
0
Let b(c) = c**3 - 9*c**2 + 23*c - 15. Let r be b(6). Let s(n) = n**2 - 16*n + 11. Give s(r).
-4
Suppose -2*n = -9*n + 28. Let c(b) be the second derivative of b**4/24 + 5*b**2/2 + 4*b. Let t(k) be the first derivative of c(k). Determine t(n).
4
Let f(b) = 8*b**2 + 25*b - 11. Let o(r) = -2*r**2 - 6*r + 3. Let x(v) = -2*f(v) - 9*o(v). Let l(t) = t**2 + 7*t + 2. Let y be l(-6). Calculate x(y).
11
Suppose 4*i - 14 = 3*i. Suppose i = 3*p - w, -5*p - 2*w + 8 = 3. Let o(x) = -5*x**3 + 4*x**p + 1 + x**2 + 3*x**2. Give o(4).
1
Let b(o) = o**3 + 12*o**2 + 17*o - 5. Let i(g) = -4*g**3 - 34*g**2 - 51*g + 17. Let u(p) = -7*b(p) - 2*i(p). Determine u(17).
1
Let m(u) = 7*u + 13. Suppose 142 = -89*g - 36. Calculate m(g).
-1
Let o(s) = -15*s**2 - 1245*s + 9 - 17 + 1261*s + s**3. Calculate o(14).
20
Let v(k) = 13 - 2*k + 2 - 2 + k. Determine v(-9).
22
Let r(c) = 0 - 183*c - 186*c + 372*c - 5 - 2. Calculate r(-5).
-22
Let y(d) = -12 + 0 - 12*d - 11*d + 2*d**2. Calculate y(12).
0
Let t be 1/3 + (-7)/3 - 2. Let p(u) be the second derivative of 0 - u - 1/12*u**4 - 2/3*u**3 + 3/2*u**2. Give p(t).
3
Suppose 11 + 10 = 3*f. Suppose 3*l - f = -16. Let j(k) = -k. Let x(v) = 8*v + 4. Let b(t) = -6*j(t) - x(t). Determine b(l).
2
Let u(w) = w**3 - 4*w**2 + w - 1. Let s(h) be the first derivative of h**3/3 - 5*h**2 - 21*h - 21. Suppose -z + 48 = 3*z. Let d be s(z). Give u(d).
-7
Let u(z) = -2*z**2 + 2*z + 8. Suppose -410*f = -413*f. Calculate u(f).
8
Let d(p) = 3 + 228*p - 223*p - p**3 + 28*p**2 - 25*p**2. Determine d(-3).
42
Suppose 55*x = -39*x - 51*x. Let r(u) = -u - 27. What is r(x)?
-27
Suppose 0 = 45*h - 39*h - 36. Let y(a) = -a. Let b(q) = -11*q + 1. Let m(r) = h*y(r) - b(r). What is m(2)?
9
Let r(p) = -151 - p - p + 180. Determine r(12).
5
Let l(f) = -5*f**2 - 25*f - 8. Let s(h) = -h**2 - 6*h - 1. Let t(g) = l(g) - 4*s(g). Give t(0).
-4
Let s(n) be the second derivative of 1/3*n**3 + 0 + 2*n - 5/4*n**4 - 1/2*n**2. Determine s(1).
-14
Suppose 27*q = 55*q + 112. Let a(m) = -2*m**3 - 9*m**2 - 5*m + 1. Give a(q).
5
Let t(j) = -j**2 + 8*j + 4. Suppose 0 = 47*f - 92 - 237. What is t(f)?
11
Suppose -5*w + 73 = 3*d, -20 = -2*d + 4*w - 8. Let y = d + -14. Suppose -y*r + 5 = 3. Let s(v) = 6*v**3 - 1. Calculate s(r).
5
Let f(k) be the third derivative of 0*k - 11*k**2 - 1/24*k**4 + 0 - 1/6*k**3. Calculate f(-1).
0
Let w(h) = -3*h**3 - 3*h**2 - 6*h - 5. Let u(d) = 2*d**3 + 3*d**2 + 5*d + 5. Let t(i) = -4*u(i) - 3*w(i). Calculate t(4).
3
Let j(t) = 4*t**2 + 10*t + 1. Let y(a) = 10*a**2 + 28*a + 3. Let q(k) = -8*j(k) + 3*y(k). Give q(4).
-15
Let t(m) = m + 5. Suppose 0 = 2*l, -3*u + 45 = -0*u + 2*l. Let n = u + -20. Determine t(n).
0
Let k(r) be the second derivative of -1/6*r**4 - 1/3*r**3 - 3*r - 1/2*r**2 + 0. Let c = 19 - 20. Give k(c).
-1
Let t(m) = -m**2 + 27*m - 71. Let w be t(24). Let r(y) = -5*y**3 + 4*y**2 - 2*y - 1. Calculate r(w).
-4
Let i(y) = -y**3 + 6*y**2 - 9*y. Let a(q) = q**3 - q**2 - 31*q + 12. Let r be a(6). Calculate i(r).
-54
Let z(t) = -2*t**2 - 3*t + 2. Let q(r) = -36*r + 219. Let y be q(6). Give z(y).
-25
Suppose -59 = -12*t - 11. Let d(k) = 12*k - t - 27*k + 3 + 12*k. Calculate d(-3).
8
Let c(m) = 6*m - 1. Let i(n) = n**2 - 1. Let b be i(1). Suppose b = -3*d - 2*w + 11, -w + 10 = 5*d - 2*d. Let h be d - (-1 - -3) - -1. Give c(h).
11
Let h(x) be the second derivative of x**7/2520 - x**6/90 + 2*x**4/3 - 32*x. Let w(p) be the third derivative of h(p). Determine w(8).
0
Suppose -54*a = -58*a + 108. Suppose 24 - 1 = 4*l - 3*m, -5*m = -l + a. Let p(i) = -4*i**3 + 2*i**2 + i + 1. Calculate p(l).
-21
Let t(m) = -m + 12. Let l be t(-5). Let p be 351/51 + 2/l. Let b(w) = 3*w + p*w - 12 + 6 + 7. Give b(-1).
-9
Let c(t) = 230*t - 938*t + 235*t + 237*t + 237*t - 1. What is c(11)?
10
Let r(h) = -h**2 + 3*h + 7. Suppose z - 23 = -4*k - 0*k, 3*z = -5*k + 34. Calculate r(k).
-3
Let f(r) = -2*r**2 + r**3 + 3*r**2 + 8*r + 6 - 11*r**2 - 21*r. Determine f(11).
-16
Suppose -39*d + 9 = -30. Let l(o) = 19*o - 1. What is l(d)?
18
Let r be (-4)/(-2)*1/2. Let s(b) = 2*b**2 - b + 1. Let p(m) = -2*m**3 + 6*m**2 - 3*m + 2. Let w(j) = p(j) - 3*s(j). Calculate w(r).
-3
Let q(o) = o**2 + 12*o - 31. Let n be q(-14). Let g = -1 + n. Let k(s) = s**2 + 3*s + 1. Calculate k(g).
5
Let q(t) = -3*t + 3. Let o(m) = -2*m + 2. Let c(s) = -5*o(s) + 4*q(s). What is c(6)?
-10
Let t(m) = -4*m + 7. Let z = -18 - -27. Let u(q) = 3*q - z*q + 1 + 0 + 5*q. Let h(o) = -t(o) + 6*u(o). Determine h(-5).
9
Let l(o) = o + 6. Let q be 0 - ((-66)/77)/((-4)/14). Determine l(q).
3
Let t be (-2)/(-6) + (-5)/(-3). Let a(q) be the first derivative of q**3/3 + q - 1045. Calculate a(t).
5
Suppose 16 = 17*f - 13*f, 3*x - 2*f + 20 = 0. Let i(b) = b**2 + 4*b + 4. Calculate i(x).
4
Suppose 2*s = -4 - 2. Let c(i) = 9*i**2 + i + 2. Let p(n) = 25*n**2 + 3*n + 5. Let m(z) = -11*c(z) + 4*p(z). Give m(s).
4
Let h = -44 + 57. Let i(o) = 11 + 6 - h - o. Suppose -2*p + 5*a - 8 = 0, 0 = 4*p + 2*a + 16 - 0. What is i(p)?
8
Let m(y) = -4*y**3 + 158*y**2 + 82*y - 73. Let v be m(40). Let n(x) = 2*x**2 - 5 - 8*x + 0*x**2 - x**2. Give n(v).
-12
Let b(p) = -p**2 + 14*p - 26. Let g be b(3). Let d(v) = v**2 - 3*v - 19. What is d(g)?
9
Let v(a) = -14*a**2 - 6*a + 6*a**2 - 5 + 9*a**2. Let h be (-198)/(-30) + 2/5. Determine v(h).
2
Suppose o - 7 - 2 = 0. Let r = -4 + o. Let p(f) = -4*f**2 + f**2 + r*f**2. Calculate p(1).
2
Let m(f) = 2*f. Let h(u) = -u - 2. Let q be h(-2). Let c be -4*(6/(-8) - q). Suppose -c*i - 2 = -4*d, -2*d + 4*i = 7*i + 8. Determine m(d).
-2
Let w(h) be the third derivative of h**6/360 - h**4/2 + 7*h**3/6 - 37*h**2. Let m(l) be the first derivative of w(l). What is m(0)?
-12
Let n be 517/55 - 4/10. Suppose -3*b - 4*s - n + 0 = 0, 4*s = 3*b - 15. Let t(c) = -8*c. Determine t(b).
-8
Let d(p) be the third derivative of -p**4/8 + p**3/6 + 48*p**2. Calculate d(-3).
10
Let h be 34/6 - 2/3. Suppose -5 = s + 3*u, 4*s + 22 = -h*u - 5. Let g(m) = m**2 + 7*m - 3. Calculate g(s).
5
Let p = 2974 + -2973. Let s(y) be the third derivative of -1/12*y**4 + 0 + y**2 + 0*y + 1/6*y**3 - 1/40*y**6 + 1/60*y**5. Give s(p).
-3
Let y(i) = i**2 - 2*i + 2. Suppose -18*z + 10 = -13*z. Let x be y(z). Let b(k) = 1 + 28*k**2 - 27*k**x - 2 - 5*k. Wha